factor of 7998 and 129?
129
What is the greatest common factor of 210 and 48?
6
Calculate the highest common divisor of 1007 and 848.
53
Calculate the highest common divisor of 63 and 7959.
21
What is the highest common factor of 154 and 198?
22
Calculate the greatest common factor of 63 and 2247.
21
What is the highest common divisor of 217 and 189?
7
What is the greatest common factor of 1007 and 57?
19
Calculate the greatest common divisor of 13 and 949.
13
Calculate the greatest common divisor of 140 and 42.
14
What is the highest common factor of 80 and 10?
10
What is the greatest common factor of 2080 and 52?
52
What is the greatest common divisor of 84 and 1806?
42
Calculate the highest common factor of 708 and 372.
12
What is the greatest common divisor of 225 and 27?
9
Calculate the highest common factor of 11326 and 28.
14
What is the highest common factor of 250 and 2375?
125
Calculate the greatest common factor of 44 and 16104.
44
Calculate the greatest common divisor of 1180 and 40.
20
What is the highest common factor of 4 and 82?
2
Calculate the highest common factor of 40 and 145.
5
Calculate the greatest common factor of 48 and 156.
12
What is the highest common divisor of 28 and 126?
14
Calculate the highest common divisor of 4526 and 62.
62
Calculate the greatest common divisor of 28 and 700.
28
What is the greatest common factor of 350 and 10?
10
Calculate the highest common factor of 4131 and 17.
17
What is the highest common divisor of 85 and 20?
5
What is the greatest common divisor of 923 and 13?
13
What is the highest common factor of 528 and 12?
12
Calculate the greatest common divisor of 288 and 592.
16
What is the highest common divisor of 66 and 154?
22
Calculate the greatest common divisor of 60 and 390.
30
Calculate the highest common factor of 37 and 1480.
37
What is the greatest common factor of 55624 and 136?
136
Calculate the highest common divisor of 812 and 56.
28
Calculate the highest common divisor of 476 and 322.
14
Calculate the greatest common divisor of 560 and 35.
35
Calculate the greatest common divisor of 50 and 240.
10
Calculate the highest common factor of 33133 and 17.
17
What is the greatest common divisor of 2262 and 13?
13
Calculate the highest common divisor of 87 and 6.
3
What is the greatest common divisor of 146 and 6278?
146
What is the highest common factor of 255 and 612?
51
Calculate the highest common divisor of 203 and 56.
7
What is the greatest common divisor of 249 and 5312?
83
What is the greatest common factor of 26 and 78?
26
What is the highest common divisor of 17 and 5?
1
Calculate the greatest common divisor of 682 and 620.
62
Calculate the highest common factor of 270 and 50.
10
Calculate the greatest common factor of 20 and 280.
20
Calculate the greatest common factor of 2623 and 244.
61
Calculate the highest common factor of 77 and 2345.
7
What is the highest common divisor of 3979 and 23?
23
What is the highest common factor of 506 and 1104?
46
Calculate the highest common divisor of 10 and 55.
5
What is the highest common divisor of 42 and 154?
14
What is the highest common factor of 400 and 560?
80
What is the highest common factor of 560 and 1792?
112
Calculate the greatest common divisor of 9894 and 102.
102
Calculate the greatest common divisor of 171 and 76.
19
Calculate the highest common factor of 147 and 1519.
49
What is the highest common factor of 91 and 208?
13
What is the greatest common divisor of 17 and 134555?
17
Calculate the highest common factor of 84 and 14.
14
What is the highest common divisor of 66 and 294?
6
Calculate the highest common factor of 890 and 4628.
178
Calculate the greatest common divisor of 299 and 23.
23
What is the greatest common factor of 52 and 29926?
26
What is the greatest common factor of 606 and 9393?
303
What is the greatest common divisor of 8 and 128?
8
What is the greatest common divisor of 16 and 1?
1
What is the highest common divisor of 21 and 189?
21
What is the highest common factor of 910 and 42?
14
Calculate the highest common divisor of 25 and 70.
5
Calculate the highest common divisor of 6 and 21.
3
Calculate the highest common factor of 62 and 279.
31
What is the highest common divisor of 290 and 1102?
58
What is the greatest common factor of 12 and 1842?
6
What is the highest common factor of 931 and 19?
19
What is the highest common divisor of 39 and 39?
39
What is the highest common factor of 76 and 171?
19
Calculate the highest common factor of 64 and 248.
8
What is the greatest common factor of 1050 and 2590?
70
Calculate the highest common divisor of 256 and 288.
32
What is the highest common factor of 118 and 2?
2
Calculate the highest common divisor of 648 and 405.
81
What is the highest common divisor of 16 and 1072?
16
What is the highest common divisor of 1596 and 48?
12
What is the greatest common factor of 3504 and 8?
8
What is the highest common divisor of 57 and 722?
19
Calculate the highest common divisor of 128 and 752.
16
What is the highest common factor of 12 and 20?
4
Calculate the highest common factor of 309 and 515.
103
What is the greatest common factor of 406 and 551?
29
Calculate the greatest common divisor of 39 and 3666.
39
What is the greatest common factor of 21 and 9303?
21
Calculate the greatest common factor of 12 and 104.
4
What is the highest common factor of 20886 and 885?
177
Calculate the highest common divisor of 88 and 1104.
8
What is the greatest common factor of 176 and 44528?
176
Calculate the highest common factor of 705 and 120.
15
What is the greatest common divisor of 755 and 151?
151
What is the greatest common divisor of 48 and 12?
12
Calculate the greatest common divisor of 18 and 792.
18
What is the highest common factor of 114 and 1995?
57
What is the highest common factor of 101 and 25957?
101
Calculate the highest common factor of 630 and 240.
30
What is the highest common divisor of 93 and 31?
31
What is the greatest common factor of 99 and 9?
9
Calculate the highest common factor of 170 and 800.
10
What is the highest common divisor of 26 and 21554?
26
Calculate the highest common factor of 1421 and 812.
203
Calculate the greatest common divisor of 960 and 30.
30
What is the greatest common factor of 408 and 5160?
24
Calculate the highest common factor of 1850 and 50.
50
Calculate the greatest common factor of 21 and 399.
21
What is the greatest common factor of 754 and 130?
26
What is the highest common divisor of 8169 and 210?
21
What is the highest common factor of 942 and 24?
6
What is the highest common divisor of 616 and 242?
22
Calculate the highest common divisor of 230 and 60.
10
What is the highest common factor of 91 and 1001?
91
What is the highest common factor of 637 and 728?
91
What is the highest common divisor of 120 and 345?
15
Calculate the highest common factor of 336 and 14.
14
What is the highest common factor of 74 and 296?
74
What is the greatest common divisor of 45 and 36?
9
What is the highest common divisor of 11097 and 81?
81
What is the highest common divisor of 11 and 7447?
11
What is the highest common factor of 168 and 728?
56
Calculate the highest common factor of 1544 and 7527.
193
What is the greatest common divisor of 12284 and 148?
148
Calculate the greatest common factor of 930 and 60.
30
Calculate the greatest common divisor of 3387 and 3.
3
Calculate the greatest common divisor of 104 and 1898.
26
What is the highest common divisor of 12 and 3252?
12
Calculate the highest common divisor of 14 and 906.
2
What is the greatest common factor of 164 and 1927?
41
Calculate the highest common divisor of 2499 and 51.
51
What is the greatest common divisor of 52 and 6?
2
Calculate the highest common factor of 205 and 105.
5
What is the highest common divisor of 1174 and 6?
2
What is the greatest common factor of 6604 and 52?
52
What is the greatest common divisor of 252 and 144?
36
Calculate the greatest common factor of 231 and 63.
21
Calculate the highest common factor of 21 and 68.
1
What is the highest common factor of 1652 and 7?
7
What is the highest common factor of 39 and 247?
13
What is the greatest common divisor of 1411 and 51?
17
Calculate the greatest common divisor of 3787 and 14.
7
Calculate the highest